common divisor of d and b?
4
Suppose 0 = -5*u + 7*u - 162. What is the greatest common divisor of 108 and u?
27
Let b = -210 + 364. Suppose 0 = 3*y - 24. Let x be y + 3 + -1 - -4. Calculate the highest common factor of x and b.
14
Suppose -44 - 37 = -3*r. Let p be 144/(-2)*45/(-12). Calculate the greatest common divisor of p and r.
27
Let q = 248 - -400. Calculate the greatest common divisor of q and 360.
72
Let x = 27 - 9. Suppose 7*r - 13*r + x = 0. What is the highest common divisor of 3 and r?
3
Suppose n = 2*n + 4*z - 31, -3*n = 3*z - 48. Let c = n - 6. Suppose 8*x - 82 + 2 = 0. Calculate the greatest common divisor of x and c.
5
Let o = 10 + -4. Let y be 10/25 - (-2)/(-5). Suppose r - 11 - 1 = y. What is the greatest common factor of r and o?
6
Suppose -5*g + 2210 = 5*x - 3*g, -x - g + 442 = 0. Calculate the greatest common factor of 130 and x.
26
Suppose -2*k + 5*p = k - 49, 127 = 5*k + 3*p. Let c = -19 + k. Suppose -c*u = -u - 273. What is the greatest common divisor of u and 13?
13
Let j = -287 + 409. Calculate the highest common factor of 305 and j.
61
Suppose 126*i = 76*i + 4100. What is the greatest common factor of i and 574?
82
Suppose 6*x - 47*x + 82 = 0. What is the highest common factor of x and 5?
1
Let k(q) = q**3 + 5*q**2 + 4*q + 4. Let v be k(-3). Let t = 2 + v. Suppose -4*a + 2*u = -u - 41, -t = 4*u. Calculate the greatest common divisor of a and 24.
8
Let i(s) = -2*s**3 + s - 2. Let t(k) = -k**3 + k**2 - 2. Let q be t(0). Let l be i(q). What is the highest common divisor of l and 36?
12
Let i be 3 + (-3 - 0) + (-2 - -36). Let d = 1 - -2. Suppose 287 = 2*s - d*c, s - 3*c = -0*c + 151. Calculate the highest common factor of s and i.
34
Suppose 2*l - 3*l = 4. Let h be (2 - (-35)/l)*-4. Suppose 13*s = 173 - 56. Calculate the greatest common factor of s and h.
9
Let g(a) = a + 20 - 13*a + 5*a. Let u be g(-5). What is the highest common factor of 22 and u?
11
Suppose -21*d - 27 = -20*d. Let p = 46 + d. What is the greatest common factor of p and 19?
19
Suppose 4*i - 2*r - 42 = 0, -11 = -4*r + 1. Suppose 6*h - i + 0 = 0. Let l = 7 - -11. Calculate the highest common divisor of l and h.
2
Suppose -123 = -3*k + 4*p + 106, 0 = 5*k - 2*p - 377. What is the greatest common divisor of k and 25?
25
Let p = -161 - -207. Let k(s) = s**3 - 19*s**2 + 21*s + 15. Let b be k(18). What is the greatest common divisor of p and b?
23
Suppose -3 = -2*r - 4*s + 5*s, -3*s = -3*r + 3. Suppose 858 = 4*l - 4*v + r*v, 4*l = -5*v + 879. Calculate the greatest common divisor of l and 27.
27
Let s = 144 - 133. What is the highest common divisor of 187 and s?
11
Let l(x) = -x**3 - 24*x**2 - 14*x - 8. Let u be l(-24). Calculate the greatest common divisor of 32 and u.
8
Let r = -26 - -25. Let d be r/4 + (-18)/(-8)*1. Calculate the greatest common factor of d and 8.
2
Suppose 72*j = -50*j + 7076. Calculate the greatest common factor of j and 2494.
58
Let g(b) = 2*b**2 - 5*b + 2. Let f be g(3). Suppose -5 - 10 = -f*u. Suppose 6*v - u*v = 108. What is the greatest common factor of 18 and v?
18
Let t = 3438 - 3024. Calculate the greatest common factor of t and 162.
18
Let f be -7*(-1 + 0) - 3. Suppose -f*k = -5*x - 86, -5*x + x - 112 = -5*k. Suppose 19 = -o + k. What is the greatest common divisor of 1 and o?
1
Let s(f) = -2*f + 1 + 8*f**2 + f + 0*f. Let r be s(-2). What is the highest common divisor of 5 and r?
5
Let t be 1 + 22 - (-2 + 0). Suppose 0 = t*v - 24*v - 8. What is the highest common factor of v and 48?
8
Let u be ((-8)/(-20))/(-1)*20. Let q = 0 - u. What is the highest common divisor of 16 and q?
8
Suppose -3*h + 4*r = 2, 5*h - r - 8 = -0. Calculate the highest common divisor of 18 and h.
2
Let v = -38 - -102. Let n be 20/((1/4)/(88/v)). Calculate the greatest common divisor of 22 and n.
22
Let h be (-3 - -5) + -12*2. Let z = 71 + h. What is the highest common factor of 14 and z?
7
Suppose -4 - 4 = -2*p. Suppose 9*m + 2*m + 330 = 0. Let d = m + 38. Calculate the highest common factor of d and p.
4
Let n be (-440)/60*(13 + 1)*-3. Calculate the highest common divisor of n and 2002.
154
Suppose 0 = 2*s + g - 41, -2*s - 3*g + 69 = s. Suppose s = -7*k + 438. Calculate the highest common divisor of 12 and k.
12
Let j be ((-3)/(-2))/((-219)/(-1606)). What is the greatest common factor of j and 11?
11
Let f(h) = -69*h - 54. Let j be f(-1). Suppose -2*d = k - 7*d - 140, -2*k + 252 = -3*d. Calculate the greatest common divisor of j and k.
15
Let q = 169 + -5. Suppose 5*j - 10*j + 184 = 4*s, 0 = -2*j + 8. What is the greatest common factor of q and s?
41
Let j(s) = 11*s + 2. Let a = -15 + 14. Let c be j(a). Let k be (12/c)/(3/(-9)). What is the highest common factor of k and 4?
4
Let m = -2479 - -2854. What is the highest common factor of 10 and m?
5
Let b(n) = n + 3. Let p be b(5). Suppose 5*o + 3*q - 45 = 0, 4*o + 43 = p*o + q. Calculate the greatest common factor of o and 96.
12
Let x be (-8 + -2)*(-2)/5. Let f = 5 + x. Let l be (-2)/2 + 3 - -1. Calculate the greatest common divisor of f and l.
3
Suppose 27 = -3*r - c - 16, 4*c + 60 = -4*r. Let n(s) = -s**2 - 16*s - 14. Let t be n(r). Calculate the greatest common factor of t and 35.
7
Suppose -2*n - 6*n + 392 = 0. What is the highest common divisor of n and 539?
49
Let f(d) = -26*d + 54. Let z be f(0). Calculate the greatest common divisor of z and 24.
6
Suppose 6*o - 18*o - 7200 = 0. Let j be (o/42)/((-2)/7). Calculate the greatest common factor of 40 and j.
10
Suppose 4*m - 1181 = -n, -5*m + 3*n = -2*m - 897. What is the highest common divisor of 370 and m?
74
Let p = -8 - -15. Let l = p - 6. What is the highest common divisor of 10 and l?
1
Let n = -389 - -413. Calculate the greatest common divisor of n and 56.
8
Let r = 229 + -76. What is the greatest common factor of r and 17?
17
Let a be 1452/21 - (10/(-35))/(-2). Calculate the highest common factor of a and 3.
3
Let p be 2 + (-4 - -4) + 1. Suppose 94 = 2*n - 2*h, 3*n - h + p*h - 151 = 0. Calculate the greatest common divisor of n and 14.
7
Let v = 9 + -5. Let c(m) = 1. Let o(j) = 5*j - 5. Let w(g) = 3*c(g) + o(g). Let u be w(v). Calculate the highest common factor of u and 54.
18
Suppose 15 + 50 = 3*n + p, -3*p = n - 35. What is the highest common factor of 36 and n?
4
Suppose -10*j + 8*j = -72. Calculate the greatest common divisor of 36 and j.
36
Let o = 510 - 202. What is the highest common factor of 88 and o?
44
Suppose 660 = 32*x - 29*x. Calculate the highest common divisor of x and 275.
55
Let w = 500 + -466. What is the greatest common factor of w and 34?
34
Suppose 27*k - 160 = 22*k. What is the highest common divisor of k and 32?
32
Suppose 8613 = 14*g - 11575. Calculate the highest common factor of g and 14.
14
Suppose -4*c - 2*d - 16 = 0, 2*d = -5*c + 4*d - 11. Let h be -2*(-174)/28 + c/7. What is the greatest common factor of 30 and h?
6
Suppose -2*h + h = -19. Let l(m) = 3*m + 59. Let f be l(-18). Suppose -5*k = -3*r + 7*r - 281, f*k - 287 = 2*r. Calculate the greatest common factor of h and k.
19
Let f(b) = -5*b - 27. Let a be f(-6). Let u be 2 - (2 + -2*1). Suppose -3*c = u*c - 75. Calculate the greatest common factor of c and a.
3
Suppose 2*a + 2*q - 57 = -199, 361 = -5*a - 3*q. Let b be a*(0 - (-6)/(-15)*5). What is the greatest common factor of 37 and b?
37
Let a(s) = 12*s**2 + 25*s + 41. Let f be a(-4). Calculate the greatest common factor of 418 and f.
19
Let r = -580 - -581. Let t be 3/18*2*21. Calculate the highest common factor of r and t.
1
Suppose -6*a + 3*a = -24. Suppose -3*b + m = -a*b - 14, -b - 5*m + 2 = 0. Let p be -5 - (b + 0) - -15. What is the highest common divisor of 13 and p?
13
Let q = 17 - 16. Suppose 4*v = 12, 7 = -w - 0*v + 3*v. Calculate the greatest common factor of q and w.
1
Let r(q) = -10*q**2 + 60*q + 9. Let f be r(6). Let h(i) = 2*i**2 - i**2 + 2 + 2*i - 4. Let g be h(-3). Calculate the greatest common divisor of g and f.
1
Suppose 15*a - 89 + 14 = 0. Let u(h) = -2*h + 11. Let m be u(a). Suppose -4*g = -g - 3. Calculate the greatest common divisor of g and m.
1
Suppose -7805 + 2885 = -24*v. What is the greatest common factor of 41 and v?
41
Suppose -4*b = -5*i + 50, -3*i + 0*i - 7 = 5*b. Calculate the highest common divisor of i and 75.
3
Suppose -2*o = 5*y - 15, -4*o = -5*y + y - 72. What is the